re the prime factors of 245778?
2, 3, 13, 23, 137
What are the prime factors of 1418240?
2, 5, 277
List the prime factors of 6834684.
2, 3, 61, 9337
List the prime factors of 7830359.
7830359
List the prime factors of 3571615.
5, 17, 42019
What are the prime factors of 149552?
2, 13, 719
What are the prime factors of 19061965?
5, 13, 293261
What are the prime factors of 314195?
5, 7, 47, 191
What are the prime factors of 5655625?
5, 9049
List the prime factors of 9591785.
5, 7, 79, 3469
What are the prime factors of 15814713?
3, 131, 40241
What are the prime factors of 16918535?
5, 173, 19559
List the prime factors of 5450550.
2, 3, 5, 7, 29, 179
List the prime factors of 3104883.
3, 344987
List the prime factors of 2407002.
2, 3, 13, 30859
List the prime factors of 13528597.
13528597
List the prime factors of 6723207.
3, 19, 39317
What are the prime factors of 15417919?
11, 1401629
List the prime factors of 291160.
2, 5, 29, 251
What are the prime factors of 8408180?
2, 5, 11, 38219
List the prime factors of 496475.
5, 7, 2837
List the prime factors of 6861582.
2, 3, 7, 13, 59, 71
What are the prime factors of 1287256?
2, 160907
What are the prime factors of 9535742?
2, 17, 280463
List the prime factors of 217611.
3, 24179
What are the prime factors of 371478?
2, 3, 101, 613
What are the prime factors of 2266340?
2, 5, 47, 2411
What are the prime factors of 10383012?
2, 3, 127, 757
What are the prime factors of 19105087?
19105087
What are the prime factors of 212003?
11, 19273
List the prime factors of 392334.
2, 3, 23, 2843
List the prime factors of 12868298.
2, 317, 20297
What are the prime factors of 141397?
141397
List the prime factors of 642741.
3, 11, 19477
What are the prime factors of 1213190?
2, 5, 11, 41, 269
List the prime factors of 14106179.
14106179
List the prime factors of 2571733.
2571733
What are the prime factors of 14579304?
2, 3, 607471
What are the prime factors of 358219?
358219
What are the prime factors of 793229?
793229
What are the prime factors of 18661237?
7, 2665891
List the prime factors of 1131812.
2, 11, 29, 887
What are the prime factors of 374825?
5, 11, 29, 47
List the prime factors of 1547348.
2, 11, 23, 139
What are the prime factors of 43459988?
2, 11, 13, 75979
What are the prime factors of 289366?
2, 7, 11, 1879
List the prime factors of 48002.
2, 24001
List the prime factors of 535659.
3, 29, 47, 131
List the prime factors of 128544.
2, 3, 13, 103
What are the prime factors of 22157086?
2, 7, 17, 93097
List the prime factors of 21192931.
17, 101, 12343
List the prime factors of 305768.
2, 37, 1033
What are the prime factors of 135855?
3, 5, 3019
List the prime factors of 4312226.
2, 281, 7673
What are the prime factors of 272379?
3, 90793
What are the prime factors of 1399670?
2, 5, 139967
What are the prime factors of 445979?
89, 5011
What are the prime factors of 27647?
27647
What are the prime factors of 311946?
2, 3, 51991
What are the prime factors of 688739?
199, 3461
List the prime factors of 20508.
2, 3, 1709
List the prime factors of 591268.
2, 53, 2789
What are the prime factors of 37287337?
37287337
What are the prime factors of 847707?
3, 7, 37, 1091
List the prime factors of 2112281.
859, 2459
What are the prime factors of 399288?
2, 3, 127, 131
List the prime factors of 247055.
5, 49411
List the prime factors of 11160757.
11160757
What are the prime factors of 1553088?
2, 3, 8089
List the prime factors of 6545073.
3, 43, 113, 449
What are the prime factors of 208125?
3, 5, 37
List the prime factors of 4565159.
4565159
What are the prime factors of 957140?
2, 5, 47857
What are the prime factors of 321215?
5, 17, 3779
List the prime factors of 5783940.
2, 3, 5, 10711
List the prime factors of 1457218.
2, 7, 104087
List the prime factors of 2040236.
2, 11, 89, 521
List the prime factors of 122657.
173, 709
List the prime factors of 1092760.
2, 5, 17, 1607
What are the prime factors of 1996532?
2, 499133
List the prime factors of 253190.
2, 5, 7, 3617
What are the prime factors of 940284?
2, 3, 26119
What are the prime factors of 10482289?
73, 143593
List the prime factors of 2311246.
2, 7, 165089
What are the prime factors of 887572?
2, 7, 31699
List the prime factors of 1516776.
2, 3, 63199
What are the prime factors of 38500?
2, 5, 7, 11
List the prime factors of 55600.
2, 5, 139
List the prime factors of 131674.
2, 65837
What are the prime factors of 4067505?
3, 5, 13, 17, 409
What are the prime factors of 2076163?
31, 66973
What are the prime factors of 6847886?
2, 29, 37, 3191
What are the prime factors of 18753875?
5, 7, 21433
List the prime factors of 242376.
2, 3, 10099
What are the prime factors of 1854875?
5, 11, 19, 71
What are the prime factors of 12642861?
3, 7, 11, 229, 239
List the prime factors of 703898.
2, 13, 27073
List the prime factors of 4452785.
5, 97, 9181
What are the prime factors of 51670?
2, 5, 5167
List the prime factors of 5401554.
2, 3, 900259
List the prime factors of 7104536.
2, 29, 113, 271
List the prime factors of 2046108.
2, 3, 170509
List the prime factors of 552592.
2, 34537
List the prime factors of 941720.
2, 5, 13, 1811
What are the prime factors of 494779?
19, 26041
List the prime factors of 1180163.
757, 1559
List the prime factors of 5212603.
11, 53, 8941
List the prime factors of 2477603.
131, 18913
List the prime factors of 1338054.
2, 3, 223009
What are the prime factors of 2969065?
5, 11, 37, 1459
List the prime factors of 306191.
306191
List the prime factors of 651946.
2, 409, 797
List the prime factors of 8014097.
7, 13, 23, 547
What are the prime factors of 9725347?
9725347
List the prime factors of 268585.
5, 53717
List the prime factors of 881300.
2, 5, 7, 1259
List the prime factors of 220132.
2, 11, 5003
List the prime factors of 541755.
3, 5, 4013
What are the prime factors of 249629?
59, 4231
What are the prime factors of 3615677?
13, 37, 7517
List the prime factors of 1357830.
2, 3, 5, 47, 107
What are the prime factors of 5551697?
31, 53, 109
What are the prime factors of 8944?
2, 13, 43
List the prime factors of 2031113.
7, 179, 1621
List the prime factors of 2304594.
2, 3, 128033
What are the prime factors of 482558?
2, 89, 2711
List the prime factors of 2001766.
2, 13, 76991
List the prime factors of 22898420.
2, 5, 19, 60259
List the prime factors of 237055.
5, 7, 13, 521
What are the prime factors of 4733143?
1321, 3583
List the prime factors of 106847.
13, 8219
What are the prime factors of 32392?
2, 4049
What are the prime factors of 6280869?
3, 7, 42727
List the prime factors of 1220100.
2, 3, 5, 7, 83
List the prime factors of 886114.
2, 443057
List the prime factors of 359819.
349, 1031
What are the prime factors of 2660803?
2660803
What are the prime factors of 6760046?
2, 31, 107, 1019
List the prime factors of 7355598.
2, 3, 1225933
What are the prime factors of 677593?
7, 96799
List the prime factors of 259641.
3, 17, 1697
What are the prime factors of 326256?
2, 3, 7, 971
What are the prime factors of 10941741?
3, 47, 25867
List the prime factors of 1106938.
2, 7, 17, 4651
List the prime factors of 16656221.
2287, 7283
List the prime factors of 317601.
3, 1307
List the prime factors of 1170743.
7, 167249
What are the prime factors of 206430?
2, 3, 5, 7, 983
List the prime factors of 24188171.
7, 59, 58567
List the prime factors of 3480369.
3, 193, 6011
What are the prime factors of 6081250?
2, 5, 7, 139
List the prime factors of 84620.
2, 5, 4231
List the prime factors of 6049042.
2, 17, 177913
What are the prime factors of 144743?
53, 2731
What are the prime factors of 17534955?
3, 5, 1168997
List the prime factors of 4708273.
157, 29989
List the prime factors of 5980968.
2, 3, 7, 11867
List the prime factors of 295006.
2, 147503
List the prime factors of 373022.
2, 13, 14347
What are the prime factors of 383776?
2, 67, 179
What are the prime factors of 3991196?
2, 11, 90709
What are the prime factors of 1664323?
283, 5881
List the prime factors of 4779258.
2, 3, 11, 29, 227
What are the prime factors of 11568874?
2, 17, 340261
List the prime factors of 307796.
2, 76949
What are the prime factors of 653668?
2, 163417
What are the prime factors of 561093?
3, 13, 14387
List the prime factors of 56629.
56629
Wha